 1 + (6 - 11)
2
What is the value of 5 + (8 - (-3 + 6)) - 8?
2
Calculate 33 + -31 - (0 - 0) - -5.
7
Calculate (-1 - 18) + -93 + 94 + 48.
30
What is the value of -4 - (3 - 15 - -2) - -7?
13
What is the value of -7 + (-2 - -3) - (-2 - -2 - 6)?
0
(5 + 2 - (2 - 7 - -8)) + -3
1
Evaluate (-1 - (6 + (7 - 5))) + 5.
-4
What is the value of -13 - ((4 - 15) + (-3 - -32))?
-31
12 - (41 + -67) - (1 - -1)
36
What is the value of -8 + 1 + 12 - (3 + -4 + 3)?
3
Evaluate -15 - ((-51 - -9) + 45).
-18
Calculate 8 + (-8 - -2) + (8 - 10) + 12.
12
Calculate 13 + -20 - (6 - -10) - -6.
-17
-117 + 122 + (-5 - -1) + 2 - 1
2
Calculate 38 - 29 - (0 - 4).
13
Calculate -23 + 0 + -1 + 14.
-10
16 + -1 + -33 + (14 - 13)
-17
-12 + -14 + -6 + 10
-22
Evaluate -10 + 5 + -10 + 18.
3
What is the value of 1 - 11 - (122 - 140)?
8
-10 + 4 + (-1 - 13 - (85 - 92))
-13
What is (0 - -5) + (-9 - -4) + (17 - 32)?
-15
Calculate 20 + -15 - (18 + -1) - (5 - -1).
-18
Evaluate -2 - -2 - (-105 - -92).
13
Evaluate (68 - 57) + (2 - 3) + 1 + -1.
10
Calculate 25 + (31 - (-3 + 44)).
15
Evaluate -10 - (-46 - -30) - 23.
-17
Calculate -451 + 445 - (-4 + 1 + -4).
1
What is -17 + -18 + 2 - -17?
-16
Calculate (-11 - -13) + (-16 - (0 + -2)) - -5.
-7
(-23 - -14) + (2 - 2) - (-2 + 1)
-8
-7 - (-8 + (5 - -4)) - 6
-14
What is the value of 655 + -642 - (-2 - 11)?
26
13 + (-10 + 3 + 12 - (8 - 6))
16
Calculate 29 + -47 + 30 + (6 - 0).
18
Evaluate 0 + -5 - (-286 + 289).
-8
What is the value of -14 - ((7 - -3) + -4 - -1)?
-21
What is -6 - 3 - 0 - ((4 - 9) + -1)?
-3
What is the value of 7 + (-14 - 2) + 0?
-9
What is 3 + -4 - (31 - 4 - 1)?
-27
Evaluate -13 - (8 - (32 + -14)).
-3
Evaluate (-5 - (-17 + 10)) + -6.
-4
-2 - (6 - -2) - (-9 - (-1 + -3))
-5
Evaluate -9 + (1 - (1 + (5 - 10))).
-4
Evaluate -1 + (-1 + (-2 - 1) - (8 + -14)).
1
7 - (-7 + 8) - (-2 - -19)
-11
7 - (-7 + 5 + 3) - (-6 + 2)
10
Calculate (151 - 169) + 3 + 8.
-7
What is -3 - (403 - 406 - (-38 + (2 - 1)))?
-37
Calculate 11 + -8 + 0 + (-26 - (-14 - -4)).
-13
What is -4 + -23 + 39 - 32?
-20
What is 31 - 66 - -47 - (4 + -2 + 1)?
9
What is the value of -3 - 12 - (131 - 135 - (-1 + -3))?
-15
Evaluate 21 + -10 + -5 + -8.
-2
What is 9 - 12 - (-4 - (-5 - (5 - 8)))?
-1
What is -6 + 12 + 0 - -6?
12
What is -9 + (0 - 0) + (417 - 408)?
0
-6 + (6 - 2) - (-4 - -6)
-4
What is the value of (-7 - -3) + (-25 - (8 - 35)) - -4?
2
(-42 - -49) + -9 + -2
-4
What is the value of 8 - (-9 + 7 + 7 + 15)?
-12
(1 - (1 + 0)) + 18 - (147 + -140)
11
Calculate -38 - (21 + -21 - 22).
-16
8 + (-8 + 8 - 19)
-11
Evaluate 32 - 19 - (-23 + 21).
15
27 + -30 + 7 + (2 - 3) - 28
-25
What is 2 - 0 - (72 + -84)?
14
Evaluate -3 + (3 - 6) + 20.
14
Calculate -25 - (-2 - (5 + (13 - 26))).
-31
What is 2 + -3 + 14 + -26 + 22?
9
Calculate 6 + (-2 - (1 - 9) - (17 + -19)).
14
-7 + (20 - 25) + -4 + (-1 - -4)
-13
What is the value of -1 + 2 - (7 + -18 + 1)?
11
Evaluate -11 + (-14 - ((-27 - -12) + 5)).
-15
What is -52 - (-16 + -20 + 9)?
-25
Calculate 15 + (15 - 33 - -9).
6
Evaluate -4 - (14 + -13) - 3 - -15.
7
What is the value of (-8 + -6 + 13 - -16) + -5?
10
What is -5 + 1 + (-10 - (10 + -15))?
-9
Calculate 5 - 1 - (-16 - (-9 + 13 + -27)).
-3
Evaluate (-30 - (4 - (-1 - -8))) + 5.
-22
What is the value of 18 + -38 + -21 + 22?
-19
Calculate -7 - -3 - (-3 + -15).
14
-17 + (-5 + 17 - -29)
24
Calculate 17 + 1 + 42 + -53.
7
What is the value of 10 + (22 - 34) + -3 + -14?
-19
What is 2 + -15 + 16 - 24?
-21
Calculate -30 - (-22 - (-10 - -4)).
-14
Evaluate (16 - 28) + 38 + -16.
10
What is the value of -12 + 36 - (1 + 9 - (4 - 2))?
16
Evaluate (12 - (-7 - -49)) + 11 + (5 - -3).
-11
Calculate 2 - 1 - 11 - (3 - 30 - -23).
-6
Calculate -28 - (19 - (17 - -21)).
-9
Evaluate -6 + (7 - (14 - 0)) - (-1 - 0).
-12
What is 38 + -38 - (1 + 2)?
-3
(6 - (-14 + 3 + 9)) + 15
23
Calculate -26 + 4 + -13 + (-5 - (-20 - -6)).
-26
Evaluate 0 + (5 - 1 - (-24 - -31) - 3).
-6
What is -19 - (4 + -22) - (-2 - 18) - -5?
24
(-1 - 0) + 5 - (-129 + 131)
2
0 + 0 + 1 - -8 - (483 + -435)
-39
What is the value of (-2 - -2 - (16 + 1)) + -16 + 20?
-13
1 + (-2 - 18) + 11 + 20
12
What is (-8 - (24 + -5 + -1)) + 4 + -1?
-23
Evaluate (-1 - 4) + (5 - ((5 - -3) + -13)).
5
What is 47 + -45 + (1 - -2) + 8?
13
Evaluate -6 - (1 - 3 - (4 + -5)).
-5
What is (-5 - 1) + 13 + -8 + 21 + -5?
15
Evaluate 10 + (-12 - (-4 + 0)) + (-8 - 2).
-8
37 + -29 + 3 + -2
9
What is (-25 - 38 - -47) + 5 + 1?
-10
Evaluate -23 - (27 - 64) - (0 + 9).
5
What is the value of -672 + 696 + (0 - 2)?
22
What is 22 + -31 + (-1 - 0) + 0 + 2?
-8
Evaluate (-17 - (-18 - (26 - 8))) + (1 - -4).
24
-11 + 14 + 22 + -12
13
What is 15 + -26 - -11 - (2 - 0)?
-2
-21 - (11 + (-13 - -8))
-27
-9 - (-9 - (-5 - (-5 - 12)) - 5)
17
Calculate 1 + 1 + (-62 - -53).
-7
Calculate (-4 - (1 + 7)) + -2.
-14
What is the value of (3 - 0) + -9 + (-5 - (1 - 1))?
-11
What is 0 + -4 - ((2 - 3) + (-87 - -82))?
2
Calculate -20 + -18 + (3 - -20).
-15
What is the value of (21 - 28) + 4 + 16?
13
-4 - (2 + -9) - (50 - 54)
7
Calculate -6 + 1 + 1 - (27 - 31 - 1).
1
Calculate -5 - 14 - (-17 - 1).
-1
What is (41 - (19 + -12)) + -25?
9
What is the value of -15 - (-9 + 3 - 1)?
-8
(3 - -43) + -224 + 198
20
Evaluate -9 - (7 - (14 + 11 - 11)).
-2
Calculate 2 + (16 - -3) + -6 - -1.
16
Evaluate -5 + 1 + (-2 - -13) - (-51 + 49).
9
What is the value of 16 - (4 + 19) - -22?
15
8 + (-44 - -29) + (-8 - 12)
-27
What is the value of (-2 - 10) + -45 + 51 + -6 + -12?
-24
What is -20 + -39 + 2 + 15 - (-1 + -4)?
-37
4 + -18 + 11 + 10 + -6
1
Calculate -1 + 20 - ((9 - 5) + -1 + 3).
13
What is the value of -4 - (19 - (4 - (1 - (-7 + 6))))?
-21
Calculate -11 + -2 - (7 - (6 - (0 - 8))).
-6
What is the value of (6 - (1 + -22 + -4)) + -4?
27
1 + (12 - 2) + -9
2
What is (-111 - -102) + (0 - -21) - 4?
8
-2 - (-36 + 6 + 2)
26
Evaluate 2 + -6 - (2 - 7 - (-31 - -27)).
-3
What is the value of 0 - (-17 + 1 + 24 + -19)?
11
Calculate 12 + 29 + -14 + -16.
11
What is -13 - ((-18 - -9) + 15)?
-19
Calculate (-10 - -2) + 35 - 7 - (2 - 2).
20
Calculate 28 + (-2 - 7) + -5.
14
What is 6 + 6 + (-23 - -2 - (2 + -1))?
-10
(11 - (4 - 1 - 2)) + 13 + 0
23
What is 2 + 3 + -1 + -5?
-1
-2 + 3 + 5 - (-36 + 47)
-5
Calculate (10 - 14) + -3 + 8 - (-6 + 1).
6
Calculate -43 - -24 - (1 - 24).
4
What is (-2 - (-1 - (-1 + 7))) + (-30 - -15)?
-10
Calculate 0 + 27 - (-57 + 69).
15
What is 29 + -10 + (1 - 0) + 16?
36
17 + -56 + 28 - (-5 + -3)
-3
Evaluate (-4 + -13 - -17) + -11.
-11
Evaluate -4 + -19 + 35 - (1 - 0).
11
Evaluate -6 + 7 + -2 + 5 + 4.
8
(-892 - -895) + (-33 - (1 - 3))
-28
What is the value of 507 - 494 - (-1 - -32)?
-18
What is the value of 12 + -3 + -5 + -4 - (0 - 6)?
6
Calculate 6 + (-3 + 11 - 12) - (-9 + 0).
11
(-32 - -18) + 29 - -6
21
Calculate (-2 + 5 - 11 - 2) + (-45 - -49).
-6
What is 51 - 73 - (-10 - 7) - (-9 - -1)?
3
What is (-8 - (7 + -9)) + (1 - (-2 + -7))?
4
Evaluate -14 + -2 + 9 + -26 + 23 + -5.
-15
What is the value of (2 - 4) + 11 + (-1 - 2 - -5)?
11
-10 + 7 - -8 - 14 - (-12 - -11)
-8
Evaluate -4 + (25 - -5 - 2).
24
What is (0 - -6 - -14) + -29?
-9
(9 + 1 - (35 - 19)) + -4 + -2
-12
What is the value of 1 + 2 + 1 - (-15 - (-19 - -9))?
9
What is the value of (3 - (2 - (-1 + -7 + 9))) + -7?
-5
Evaluate 16 + -30 - (3 + 1).
-18
Evaluate (0 - 16 - (51 + -60) - -7) + -23.
-23
Calculate (27 - 35 - -30) + -25.
-3
What is the value of -4 + (-9 + 13 - -8)?
8
What is the value of 12 - (5 + (-4 - 1)) - (-25 - -31)?
6
What is 5 + (-9 - (13 - 17 - 6))?
6
What is (-5 + 13 + -4 - 17) + -5 + 6?
-12
What is 32 + -31 + 9 + 14?
24
Calculate -7 - 1 - (257 + -270 - (1 - -19)).
25
What is -1 + 0 + (-5 - (0 + -1))?
-5
What is -29 + (-20 - (-5 + -21))?
-23
Calculate 325 - 291 - (43 - 5).
-4
Evaluate -1 + -1 + 2 + (94 - 92).
2
Evaluate 6 + -36 + 26 - (-1 + -18).
15
Evaluate -5 - -11 - (-5 + -4 + 4 - 1).
12
Evaluate (-12 - -45) + (-9 - (-1 + -3 + 4)).
24
What is the value of (-12 + 29 - 11) + (-23 - (6 + -2))?
-21
Evaluate -53 - -51 - (-8 + (0 - -3)).
3
What is 4 + 2 + -3 - (-10 + -10 + 35)?
-12
Evaluate 21 + (25 + -1 - (-31 - -51)).
25
-2 + -7 + (-9 - (0 + -3)) - -5
-10
Evaluate 120 + -140 - (4 + -1 + -7).
-16
What is -15 + (31 - 55) + 3 + (8 - 2)?
-30
Calculate -8 - -1 - (4 + (-22 - 0 - -11)).
0
(-42 - -35 - (19 - 1 - 3)) + 5
-17
Calculate 9 + -11 - ((13 - -9) + -4).
-20
What is the value of -46 +